{"id":33,"date":"2024-11-29T08:50:00","date_gmt":"2024-11-29T08:50:00","guid":{"rendered":"https:\/\/ursulineninfo.de\/?page_id=33"},"modified":"2024-11-29T08:50:00","modified_gmt":"2024-11-29T08:50:00","slug":"mensa","status":"publish","type":"page","link":"https:\/\/ursulineninfo.de\/?page_id=33","title":{"rendered":"Mensa"},"content":{"rendered":"\n<figure class=\"wp-block-table\"><table class=\"has-fixed-layout\"><tbody><tr><td colspan=\"3\"><strong>MENSA<\/strong><\/td><\/tr><tr><td><strong>Wer?<\/strong><\/td><td><strong>Mit wem?<\/strong><\/td><td><strong>Was?<\/strong><\/td><\/tr><tr><td colspan=\"2\">Hennen &amp; M\u00f6hring<\/td><td><em>zentraler Tassenservice<\/em><\/td><\/tr><tr><td>6a&amp;b<\/td><td>Poch &amp; Hildebrand<\/td><td><em>Ursulinencaf\u00e9, Ehemaligentreff und Bastelecke f\u00fcr Kinder<\/em><\/td><\/tr><tr><td>10d<\/td><td>Erdmann &amp; Wermes<\/td><td><em>Ehemaligen-Cafe, Aufbau eines Alumni-Netzwerks (\u00fcber den Arbeitskreis Ehemaligentreffen)<\/em><\/td><\/tr><\/tbody><\/table><\/figure>\n","protected":false},"excerpt":{"rendered":"<p>MENSA Wer? Mit wem? Was? Hennen &amp; M\u00f6hring zentraler Tassenservice 6a&amp;b Poch &amp; Hildebrand Ursulinencaf\u00e9, Ehemaligentreff und Bastelecke f\u00fcr Kinder 10d Erdmann &amp; Wermes Ehemaligen-Cafe, Aufbau eines Alumni-Netzwerks (\u00fcber den Arbeitskreis Ehemaligentreffen)<\/p>\n","protected":false},"author":1,"featured_media":0,"parent":0,"menu_order":0,"comment_status":"closed","ping_status":"closed","template":"","meta":{"footnotes":""},"class_list":["post-33","page","type-page","status-publish","hentry"],"_links":{"self":[{"href":"https:\/\/ursulineninfo.de\/index.php?rest_route=\/wp\/v2\/pages\/33","targetHints":{"allow":["GET"]}}],"collection":[{"href":"https:\/\/ursulineninfo.de\/index.php?rest_route=\/wp\/v2\/pages"}],"about":[{"href":"https:\/\/ursulineninfo.de\/index.php?rest_route=\/wp\/v2\/types\/page"}],"author":[{"embeddable":true,"href":"https:\/\/ursulineninfo.de\/index.php?rest_route=\/wp\/v2\/users\/1"}],"replies":[{"embeddable":true,"href":"https:\/\/ursulineninfo.de\/index.php?rest_route=%2Fwp%2Fv2%2Fcomments&post=33"}],"version-history":[{"count":1,"href":"https:\/\/ursulineninfo.de\/index.php?rest_route=\/wp\/v2\/pages\/33\/revisions"}],"predecessor-version":[{"id":34,"href":"https:\/\/ursulineninfo.de\/index.php?rest_route=\/wp\/v2\/pages\/33\/revisions\/34"}],"wp:attachment":[{"href":"https:\/\/ursulineninfo.de\/index.php?rest_route=%2Fwp%2Fv2%2Fmedia&parent=33"}],"curies":[{"name":"wp","href":"https:\/\/api.w.org\/{rel}","templated":true}]}}